**3 + 9*i**2 + 4*i + 39. Determine q(-9).
3
Let f(z) = z**3 - 7*z**2 + z - 1. What is f(4)?
-45
Let h(i) = 8*i - 17. What is h(-4)?
-49
Let w(p) = -p**3 + 13*p**2 - 4*p - 14. Give w(11).
184
Let d(c) = c - 1. Calculate d(5).
4
Let y(x) = 2*x**2 - 100*x - 203. What is y(-2)?
5
Let y(j) = -j**3 + 11*j**2 - 5*j + 34. What is y(11)?
-21
Let u(g) = 6*g**3 + g**2 + 4*g + 2. Calculate u(-1).
-7
Let f(k) = -k**3 + 10*k**2 - 5*k - 3. What is f(9)?
33
Let o(u) = u**2 - 37*u - 265. Calculate o(43).
-7
Let s(g) = -g**2 - 11*g - 15. Give s(-10).
-5
Let o(h) = h**2 - 14*h + 44. Give o(7).
-5
Let t(y) = y - 1. Calculate t(-9).
-10
Let x(u) = u**3 - 7*u**2 + 2*u - 8. Give x(7).
6
Let k(c) = -2*c + 23. What is k(7)?
9
Let v(h) = h**3 - 4*h**2 + 8*h - 6. What is v(1)?
-1
Let l(o) = 2*o + 65. Calculate l(-32).
1
Let x(v) = v**3 - 17*v**2 + 17*v + 7. Determine x(16).
23
Let j(r) = 3*r**2 - 20. What is j(0)?
-20
Let x(g) = -2*g + 8. Determine x(6).
-4
Let d(u) = -u**3 + 38*u + 10. Calculate d(-6).
-2
Let p(s) = -2*s**3 - 11*s**2 - 7*s - 12. Give p(-5).
-2
Let n(m) = -m**3 + 11*m**2 - 11*m + 11. Calculate n(8).
115
Let c(d) = -d**3 + 3*d**2 + 12*d - 2. Calculate c(-4).
62
Let u(t) = t**3 + 12*t**2 + 10*t - 14. Determine u(-11).
-3
Let i(v) = 2*v**3 + 55*v**2 - 36*v - 236. Determine i(-28).
-12
Let y(z) = z**3 + 4*z**2 - z. Calculate y(-3).
12
Let q(h) = -h + 23. What is q(5)?
18
Let c(g) = g**2 + 4*g - 7. Calculate c(-8).
25
Let m(i) = i + 17. Give m(0).
17
Let m(a) = -a + 45. Give m(39).
6
Let r(i) = i**3 + 7*i**2 - 2*i - 3. Give r(-7).
11
Let i(j) = 9*j - 14. Give i(2).
4
Let u(f) = -f**2 + 18*f + 74. Determine u(22).
-14
Let g(v) = -29*v - 548. What is g(-19)?
3
Let o(g) = -2*g**2 - 9*g - 3. Calculate o(-3).
6
Let h(z) = -8*z + 141. Calculate h(17).
5
Let v(u) = -u**2 - 34*u - 269. What is v(-12)?
-5
Let b(d) = d - 35. Calculate b(32).
-3
Let g(j) = -j**3 + 5*j**2 - 15*j + 21. Calculate g(4).
-23
Let q(a) = 4*a - 11. Give q(11).
33
Let k(v) = 6*v + 3. Calculate k(0).
3
Let u(d) = 3*d + 17. Give u(-8).
-7
Let j(a) = -19*a**3 + 2*a - 2. What is j(1)?
-19
Let x(y) = -y**3 + y**2 + 2*y - 14. Calculate x(0).
-14
Let b(d) = -d**2 + 11*d - 13. Give b(9).
5
Let r(g) = 61*g**3 + g**2 + g. Give r(-1).
-61
Let x(z) = 6*z + 20. Determine x(-4).
-4
Let s(l) = 26*l. Determine s(-2).
-52
Let m(o) = 85*o - 1. Calculate m(2).
169
Let q(u) = 2*u**2 + 16*u + 8. Determine q(-11).
74
Let s(p) = -5*p - 88. Determine s(-18).
2
Let p(j) = j**3 + 8*j**2 + 2*j + 5. Calculate p(-8).
-11
Let v(l) = -l**3 + 12*l**2 - 13*l + 18. Determine v(11).
-4
Let w(c) = 169*c**2 + 3*c + 4. Calculate w(-1).
170
Let i(d) = d**3 + 23*d**2 - 23*d + 25. What is i(-24)?
1
Let o(d) = 6*d - 4. Determine o(3).
14
Let r(t) = t**2 - 7*t. What is r(10)?
30
Let y(v) = -5*v**2 - 6*v - 5. Determine y(-4).
-61
Let y(s) = s - 23. Give y(14).
-9
Let r(w) = -7*w + 9. Give r(13).
-82
Let m(h) = -h**3 + 7*h**2 - 2*h + 2. Calculate m(4).
42
Let b(v) = v**3 - 5*v**2 + 6*v - 8. Calculate b(5).
22
Let a(n) = -10*n + 11. Determine a(3).
-19
Let p(r) = r**2 + 2*r - 1. Determine p(3).
14
Let l(p) = p**3 + 13*p**2 + 46*p + 20. Determine l(-6).
-4
Let u(g) = -g**2 + 17*g + 8. What is u(9)?
80
Let m(q) = -7*q + 10. Give m(-2).
24
Let w(f) = -14*f + 42. Calculate w(3).
0
Let m(c) = -3*c - 29. Determine m(-9).
-2
Let g(q) = q + 23. Determine g(5).
28
Let m(b) = 3*b - 1. Give m(-1).
-4
Let k(y) = -3*y**2 - 23*y - 18. What is k(-6)?
12
Let v(q) = q**3 + 14*q**2 + 12*q - 1. What is v(-13)?
12
Let b(l) = l - 15. What is b(10)?
-5
Let m(d) = d**2 + 5*d - 8. Give m(-6).
-2
Let r(i) = i**3 - 11*i**2 - 27*i - 9. Give r(13).
-22
Let r(y) = -3*y + 19. Give r(6).
1
Let d(g) = -25*g**3 + 2*g**2 - g. Determine d(1).
-24
Let j(x) = -2*x + 3. What is j(-6)?
15
Let o(n) = -n - 11. Calculate o(-12).
1
Let v(l) = -l**3 + 19*l**2 - 14*l - 27. Calculate v(18).
45
Let y(h) = 2*h**2 - 4*h + 6. What is y(4)?
22
Let g(y) = -3*y**2 + 36*y + 26. Calculate g(13).
-13
Let p(g) = g**2 - 12*g + 27. Give p(4).
-5
Let m(l) = -21*l + 26. Give m(1).
5
Let l(r) = r - 12. Calculate l(0).
-12
Let d(u) = -80*u - 564. Calculate d(-7).
-4
Let o(u) = u**3 - 9*u**2 + 6*u + 4. Determine o(8).
-12
Let y(q) = q**3 - 5*q**2 + 3*q + 3. Calculate y(5).
18
Let n(j) = 3*j**2 - 22*j + 10. Calculate n(7).
3
Let q(l) = 8*l + 61. What is q(-7)?
5
Let t(o) = -2*o**3 - 5*o**2 + 10*o + 15. Calculate t(-3).
-6
Let l(j) = -3*j**3 + 4*j**2 - 3*j + 2. Calculate l(2).
-12
Let r(w) = -w**3 + w**2 + w + 14. Calculate r(0).
14
Let m(l) = l. What is m(2)?
2
Let y(t) = 24*t - 226. Calculate y(9).
-10
Let x(y) = y**3 + 11*y**2 + 11*y + 11. Calculate x(-10).
1
Let m(u) = -9*u**2 - u - 4. Give m(-3).
-82
Let r(p) = -p**2 - 4*p + 1. What is r(-3)?
4
Let w(g) = g**2 + 16*g + 23. Determine w(-14).
-5
Let u(l) = 53*l + 13. Calculate u(-1).
-40
Let d(f) = f**2 - 7*f - 3. Calculate d(8).
5
Let n(w) = 2*w**2 + 116*w - 241. Calculate n(-60).
-1
Let f(r) = -r**2 + 7*r + 6. Calculate f(8).
-2
Let w(u) = 2*u**3 - 2*u**2 + 3*u + 5. Determine w(0).
5
Let g(y) = -y**3 - 6*y**2 + 3*y + 8. What is g(-6)?
-10
Let v(m) = m**3 + 5*m**2 + 6*m + 10. Calculate v(-4).
2
Let u(f) = 11*f + 10. Calculate u(5).
65
Let s(v) = -2*v**3 - 3*v**2 - 5*v + 1. Determine s(-3).
43
Let f(w) = w**3 + 20*w**2 + 4*w + 79. Give f(-20).
-1
Let r(p) = -5*p - 3. Determine r(-5).
22
Let u(i) = i**2 - 1. What is u(-1)?
0
Let u(w) = -4*w - 4. Determine u(-6).
20
Let u(d) = d**2 + 9*d + 3. Give u(-7).
-11
Let h(a) = -2*a**2 - 16*a - 4. What is h(-8)?
-4
Let p(z) = -z**3 - 18*z**2 - 29*z + 42. What is p(-16)?
-6
Let o(i) = 10*i + 2. Determine o(-1).
-8
Let o(s) = -24*s - 30. Calculate o(-1).
-6
Let c(r) = 5*r. Give c(2).
10
Let b(m) = 7*m**2 - 5*m + 3. What is b(2)?
21
Let q(r) = 10*r**2 + 2*r. What is q(2)?
44
Let s(t) = -t**2 - 2*t - 1. Calculate s(-2).
-1
Let o(g) = -6*g**3 - 2*g - 2. What is o(-1)?
6
Let m(f) = 3*f**2 - 2*f - 68. Calculate m(0).
-68
Let p(u) = -u - 9. What is p(6)?
-15
Let h(r) = r**3 - 60*r**2 + 6*r - 358. Give h(60).
2
Let f(r) = -2*r - 48. Calculate f(-21).
-6
Let a(s) = -s**3 + s - 2. Give a(-2).
4
Let c(l) = -2*l - 37. Calculate c(-19).
1
Let r(q) = -q**2 + 8*q + 21. What is r(-3)?
-12
Let i(z) = 3*z**2 - 31*z - 4. Determine i(12).
56
Let c(u) = u**2 + 25*u - 66. Calculate c(-27).
-12
Let j(l) = 2*l**3 + 67*l**2 + 97*l + 7. What is j(-32)?
-25
Let z(c) = -7*c - 6. Give z(-3).
15
Let m(z) = z**2 + 3*z - 54. Determine m(6).
0
Let p(l) = 9*l - 39. Calculate p(6).
15
Let n(s) = s**3 - 12*s**2 + 21*s - 7. Determine n(9).
-61
Let x(d) = d**2 - 25*d - 14. Give x(25).
-14
Let k(p) = p**2 - 22*p + 19. What is k(22)?
19
Let z(f) = -32*f - 159. Calculate z(-6).
33
Let o(w) = -w**3 - 13*w**2 - 14*w - 7. What is o(-12)?
17
Let u(i) = 6*i - 59. Determine u(0).
-59
Let o(n) = -n**3 + 3*n + 101. What is o(0)?
101
Let z(y) = y**3 - 3*y**2 - 2*y + 5. What is z(4)?
13
Let y(i) = i**3 - 8*i**2 - 6*i - 3. Calculate y(9).
24
Let y(m) = -4*m**3 + 2*m**2 - 3*m + 5. Calculate y(2).
-25
Let g(o) = -51*o - 47. Give g(-1).
4
Let i(j) = j + 5. What is i(0)?
5
Let k(b) = 5*b - 47. Give k(10).
3
Let y(k) = -k**2 - 12*k + 4. Determine y(-13).
-9
Let p(j) = 5*j - 28. Determine p(6).
2
Let g(i) = -4*i + 28. Give g(6).
4
Let a(l) = -l**2 + 23*l - 29. Calculate a(22).
-7
Let o(w) = w**2 + 16*w - 11. Determine o(-17).
6
Let h(u) = -u**3 - 7*u**2 - 8*u - 40. Give h(-7).
16
Let t(j) = -2*j**3 + 16*j**2 - j + 16. Give t(8).
8
Let u(l) = -6*l**2 - 67*l + 148. Give u(-13).
5
Let y(l) = l**3 - l**2 - 2*l. Calculate y(-4).
-72
Let o(l) = -3*l**2 + 9*l. Give o(6).
-54
Let q(x) = 2*x - 13. Determine q(8).
3
Let u(o) = -o**3 + 16*o**2 + 17*o + 8. Determine u(17).
8
Let v(u) = 2*u**3 + 31*u**2 - 17*u - 11. Determine v(-16).
5
Let r(v) = v - 19. Determine r(9).
-10
Let w(s) = s**2 + 4*s - 15. What is w(-6)?
-3
Let o(q) = -q - 9. What is o(0)?
-9
Let v(w) = -11*w + 32. Give v(3).
-1
Let m(k) = 31*k**2 - 4*k + 3. Give m(1).
30
Let g(o) = 2*o**2 + 17*o + 1. Give g(-8).
-7
Let y(t) = 5*t**2 - 69*t - 12. What is y(14)?
2
Let y(h) = h + 15. Determine y(-9).
6
Let x(z) = -9*z**3 - 4*z**2 + 2*z + 3. Give x(1).
-8
Let m(a) = a**3 + 23*a**2 - 5*a - 34. What is m(-23)?
81
Let b(w) = w**2 + 20*w + 32. Determine b(-2).
-4
Let p(u) = u**3 - 27*u**2 + 21*u + 130. Determine p(26).
0
L